(base 9) in base 5?
-113
Convert -202 (base 3) to base 5.
-40
-2 (base 7) to base 10
-2
Convert 146 (base 7) to base 14.
5d
Convert -102 (base 7) to base 4.
-303
What is -5 (base 15) in base 8?
-5
What is -4 (base 16) in base 9?
-4
Convert -200 (base 8) to base 13.
-9b
-8 (base 10) to base 12
-8
Convert -8b (base 12) to base 10.
-107
What is -1 (base 13) in base 12?
-1
86 (base 14) to base 4
1312
9 (base 11) to base 9
10
What is 0 (base 16) in base 7?
0
What is -45 (base 6) in base 15?
-1e
Convert -3e (base 16) to base 7.
-116
Convert -47 (base 9) to base 8.
-53
Convert -1011 (base 2) to base 16.
-b
What is -3300 (base 4) in base 15?
-110
What is -1110 (base 2) in base 8?
-16
8 (base 16) to base 12
8
Convert -1 (base 16) to base 11.
-1
What is 25 (base 9) in base 2?
10111
What is -2 (base 13) in base 10?
-2
4 (base 13) to base 14
4
53 (base 15) to base 3
2220
7 (base 10) to base 3
21
15 (base 8) to base 6
21
What is -12 (base 16) in base 10?
-18
21 (base 14) to base 13
23
What is -10232 (base 4) in base 14?
-178
What is -2 (base 6) in base 14?
-2
Convert 30 (base 15) to base 8.
55
Convert -1 (base 5) to base 10.
-1
17 (base 14) to base 11
1a
What is -2 (base 10) in base 9?
-2
What is -29 (base 12) in base 4?
-201
What is -111 (base 6) in base 16?
-2b
-30 (base 15) to base 2
-101101
-22 (base 3) to base 11
-8
-10000 (base 3) to base 14
-5b
Convert 38 (base 11) to base 15.
2b
What is 85 (base 12) in base 5?
401
9 (base 12) to base 3
100
Convert 1 (base 5) to base 6.
1
What is -6 (base 12) in base 9?
-6
Convert 2 (base 12) to base 5.
2
What is 1 (base 8) in base 15?
1
What is 122 (base 3) in base 6?
25
What is -41 (base 9) in base 8?
-45
What is -11011111 (base 2) in base 10?
-223
3 (base 6) to base 16
3
-3 (base 15) to base 16
-3
What is 7 (base 14) in base 5?
12
Convert 2 (base 9) to base 16.
2
-3 (base 14) to base 5
-3
What is 12 (base 12) in base 2?
1110
11 (base 16) to base 13
14
Convert 4a (base 12) to base 6.
134
Convert -2 (base 10) to base 4.
-2
59 (base 10) to base 14
43
Convert 13 (base 6) to base 11.
9
-5 (base 15) to base 2
-101
What is 8 (base 10) in base 3?
22
Convert -1 (base 11) to base 14.
-1
Convert 11 (base 2) to base 11.
3
Convert c (base 14) to base 2.
1100
Convert -4 (base 9) to base 7.
-4
Convert 4 (base 9) to base 13.
4
What is dd (base 14) in base 7?
366
What is -101 (base 2) in base 9?
-5
-125 (base 9) to base 6
-252
What is -314 (base 8) in base 3?
-21120
What is -124 (base 10) in base 9?
-147
What is 0 (base 9) in base 6?
0
What is 47 (base 9) in base 6?
111
-1134 (base 6) to base 12
-1aa
Convert 100 (base 2) to base 16.
4
What is -6 (base 15) in base 4?
-12
Convert 29 (base 13) to base 2.
100011
Convert -7 (base 15) to base 10.
-7
-1021 (base 4) to base 13
-58
4a (base 13) to base 5
222
-10 (base 3) to base 5
-3
Convert -5 (base 16) to base 6.
-5
202 (base 3) to base 15
15
Convert 15c (base 15) to base 3.
102120
-24 (base 12) to base 5
-103
Convert -522 (base 6) to base 2.
-11000010
Convert b2 (base 13) to base 10.
145
6 (base 12) to base 8
6
What is -22 (base 12) in base 7?
-35
What is 8f (base 16) in base 3?
12022
Convert -6 (base 9) to base 12.
-6
103 (base 4) to base 10
19
Convert 10210 (base 3) to base 7.
204
What is 9 (base 11) in base 10?
9
Convert 1 (base 16) to base 12.
1
-81 (base 10) to base 15
-56
-20 (base 12) to base 14
-1a
76 (base 9) to base 16
45
-3 (base 14) to base 11
-3
What is -144 (base 5) in base 13?
-3a
Convert -3 (base 9) to base 2.
-11
Convert -43 (base 7) to base 8.
-37
Convert -14 (base 6) to base 2.
-1010
Convert -58 (base 9) to base 10.
-53
Convert 10 (base 5) to base 4.
11
What is -231 (base 5) in base 14?
-4a
-3a (base 16) to base 13
-46
11 (base 2) to base 14
3
What is -2 (base 5) in base 11?
-2
Convert -13 (base 5) to base 3.
-22
-2 (base 11) to base 13
-2
What is -10001101 (base 2) in base 5?
-1031
What is 12 (base 14) in base 2?
10000
Convert -21 (base 10) to base 4.
-111
Convert -31 (base 5) to base 9.
-17
-21 (base 7) to base 16
-f
-111 (base 3) to base 5
-23
Convert 11110010 (base 2) to base 4.
3302
12 (base 13) to base 8
17
Convert -113 (base 5) to base 13.
-27
Convert 22 (base 4) to base 10.
10
Convert 6 (base 10) to base 2.
110
What is 21 (base 11) in base 13?
1a
What is 23 (base 16) in base 11?
32
What is 1 (base 13) in base 6?
1
-1 (base 4) to base 13
-1
What is 2 (base 14) in base 9?
2
What is 0 (base 8) in base 10?
0
-23 (base 10) to base 4
-113
-72 (base 11) to base 16
-4f
Convert -11011 (base 2) to base 8.
-33
d (base 14) to base 4
31
9 (base 15) to base 12
9
25 (base 14) to base 7
45
What is 25 (base 15) in base 4?
203
What is 1 (base 5) in base 4?
1
What is -17 (base 9) in base 5?
-31
Convert 11a (base 11) to base 13.
ac
What is 41 (base 12) in base 2?
110001
What is -111 (base 3) in base 4?
-31
What is -112220 (base 3) in base 6?
-1510
-14 (base 11) to base 12
-13
Convert -1 (base 4) to base 10.
-1
What is -1110 (base 2) in base 4?
-32
4 (base 10) to base 6
4
What is c (base 14) in base 16?
c
5 (base 10) to base 14
5
17 (base 11) to base 4
102
Convert -63 (base 7) to base 12.
-39
What is 16d (base 14) in base 4?
10211
Convert -40 (base 9) to base 7.
-51
12 (base 6) to base 15
8
Convert 14 (base 13) to base 6.
25
8 (base 10) to base 9
8
What is 78 (base 13) in base 8?
143
-100110000 (base 2) to base 4
-10300
What is -5 (base 16) in base 7?
-5
Convert -111 (base 3) to base 4.
-31
-10210 (base 3) to base 5
-402
Convert 2 (base 6) to base 2.
10
12 (base 3) to base 7
5
Convert 6 (base 9) to base 6.
10
Convert -3 (base 7) to base 9.
-3
-53 (base 9) to base 5
-143
What is -59 (base 13) in base 5?
-244
What is -22 (base 3) in base 9?
-8
Convert 2 (base 6) to base 3.
2
What is 20 (base 15) in base 4?
132
-4 (base 6) to base 5
-4
1010 (base 2) to base 12
a
-1011 (base 2) to base 11
-10
Convert 3 (base 5) to base 14.
3
What is 31 (base 4) in base 7?
16
Convert 1010001 (base 2) to base 16.
51
312 (base 6) to base 9
138
-4 (base 12) to base 8
-4
What is -2 (base 7) in base 6?
-2
Convert -7 (base 11) to base 4.
-13
What is 0 (base 12) in base 6?
0
Convert 1 (base 14) to base 9.
1
What is -1111 (base 2) in base 4?
-33
-43 (base 5) to base 14
-19
5 (base 15) to base 10
5
132 (base 5) to base 15
2c
What is 4 (base 11) in base 7?
4
What is d (base 15) in base 4?
31
222 (base 6) to base 3
10012
22 (base 8) to base 14
14
What is 1000 (base 2) in base 4?
20
What is 2 (base 5) in base 6?
2
What is b (base 16) in base 10?
11
-2a3 (base 11) to base 10
-355
Convert 2 (base 12) to base 10.
2
What is -17 (base 12) in base 5?
-34
-3 (base 7) to base 3
-10
What is -4 (base 12) in base 14?
-4
-3 (base 15) to base 9
-3
-11 (base 11) to base 13
-c
-c5 (base 14) to base 15
-b8
What is -4 (base 10) in base 7?
-4
Convert 1 (base 8) to base 10.
1
What is 141 (base 6) in base 3?
2021
What is 6 (base 14) in base 11?
6
What is 102 (base 6) in base 11?
35
What is -161 (base 9) in base 8?
-210
0 (base 15) to base 14
0
Convert 13 (base 8) to base 13.
b
Convert -7 (base 15) to base 14.
-7
-40 (base 8) to base 7
-44
Convert -a (base 11) to base 6.
-14
Convert -81 (base 9) to base 6.
-201
7 (base 8) to base 6
11
What is -33 (base 4) in base 2?
-1111
What is 11 (base 6) in base 10?
7
-32 (base 4) to base 2
-1110
Convert 4 (base 8) to base 16.
4
Convert 14 (base 13) to base 5.
32
Convert -2000 (base 3) to base 15.
-39
21 (base 4) to base 15
9
-34 (base 5) to base 2
-10011
What is -1a5 (base 12) in base 16?
-10d
Convert 27 (base 8) to base 13.
1a
What is 10 (base 2) in base 6?
2
243 (base 7) to base 8
201
Convert 2c (base 16) to base 10.
44
404 (base 5) to base 11
95
What is a2 (base 12) in base 2?
1111010
-9 (base 13) to base 16
-9
What is -1 (base 10) in base 6?
-1
Convert 323 (base 6) to base 12.
a3
Convert -135 (base 10) to base 7.
-252
3 (base 11) to base 12
3
141 (base 10) to base 8
215
Convert -11 (base 13) to base 9.
-15
What is 11001 (base 2) in base 16?
19
What is 1 (base 7) in base 6?
1
150 (base 7) to base 9
103
-2 (base 9) to base 11
-2
What is 15a (base 15) in base 2?
100110110
Convert -2 (base 12) to base 3.
-2
Convert 2 (base 12) to base 13.
2
What is -1 (base 8) in base 6?
-1
Convert -16a (base 15) to base 3.
-110001
Convert 6 (base 12) to base 16.
6
What is -3 (base 10) in base 7?
-3
0 (base